the prime factors of 9779490?
2, 3, 5, 7, 19, 43
What are the prime factors of 1031246?
2, 31, 16633
List the prime factors of 35633412.
2, 3, 43, 7673
What are the prime factors of 430430?
2, 5, 7, 11, 13, 43
What are the prime factors of 4640927?
1487, 3121
What are the prime factors of 270006?
2, 3, 11, 4091
What are the prime factors of 75909?
3, 25303
List the prime factors of 1351297.
47, 28751
What are the prime factors of 876840?
2, 3, 5, 7307
List the prime factors of 206160.
2, 3, 5, 859
List the prime factors of 414611.
414611
List the prime factors of 552004.
2, 59, 2339
List the prime factors of 228665.
5, 19, 29, 83
What are the prime factors of 145324?
2, 47, 773
What are the prime factors of 1236219?
3, 412073
What are the prime factors of 1253305?
5, 367, 683
List the prime factors of 410135.
5, 11, 7457
List the prime factors of 16563216.
2, 3, 345067
List the prime factors of 342713.
7, 173, 283
What are the prime factors of 38746379?
7, 283, 19559
What are the prime factors of 12776275?
5, 79, 6469
What are the prime factors of 113160?
2, 3, 5, 23, 41
List the prime factors of 1239575.
5, 179, 277
List the prime factors of 7459030.
2, 5, 745903
List the prime factors of 8421274.
2, 31, 37, 3671
List the prime factors of 3023957.
31, 97547
What are the prime factors of 4163764?
2, 11, 173, 547
What are the prime factors of 1188940?
2, 5, 59447
List the prime factors of 158548.
2, 13, 3049
List the prime factors of 1139630.
2, 5, 113963
List the prime factors of 2846293.
17, 167429
List the prime factors of 778708.
2, 7, 29, 137
What are the prime factors of 3806701?
3806701
List the prime factors of 231056.
2, 7, 2063
What are the prime factors of 643523?
643523
What are the prime factors of 1754641?
7, 35809
What are the prime factors of 6686315?
5, 1337263
List the prime factors of 24155.
5, 4831
What are the prime factors of 17455954?
2, 257, 33961
What are the prime factors of 9392893?
229, 41017
What are the prime factors of 926675?
5, 101, 367
What are the prime factors of 861460?
2, 5, 19, 2267
What are the prime factors of 10020318?
2, 3, 7, 11, 23, 41
List the prime factors of 461927.
607, 761
What are the prime factors of 23766025?
5, 37, 25693
List the prime factors of 127787.
11, 11617
List the prime factors of 122272.
2, 3821
What are the prime factors of 101883?
3, 33961
What are the prime factors of 2513442?
2, 3, 509, 823
List the prime factors of 5050082.
2, 2525041
List the prime factors of 2358457.
1181, 1997
What are the prime factors of 1355362?
2, 677681
List the prime factors of 400427.
31, 12917
List the prime factors of 1994794.
2, 29, 163, 211
List the prime factors of 19068771.
3, 23, 276359
What are the prime factors of 117251?
117251
List the prime factors of 617214.
2, 3, 13, 41, 193
List the prime factors of 13733565.
3, 5, 41, 137, 163
List the prime factors of 1710126.
2, 3, 11, 2879
List the prime factors of 224888.
2, 28111
List the prime factors of 2573954.
2, 677, 1901
List the prime factors of 258479.
13, 59, 337
List the prime factors of 942427.
37, 25471
List the prime factors of 700284.
2, 3, 13, 67
List the prime factors of 13913545.
5, 2782709
List the prime factors of 6951.
3, 7, 331
What are the prime factors of 10482214?
2, 5241107
List the prime factors of 375958.
2, 11, 23, 743
List the prime factors of 1076416.
2, 11, 139
List the prime factors of 1097.
1097
What are the prime factors of 252316?
2, 63079
What are the prime factors of 2905081?
19, 152899
List the prime factors of 1587100.
2, 5, 59, 269
List the prime factors of 518408.
2, 11, 43, 137
List the prime factors of 7956455.
5, 13, 109, 1123
List the prime factors of 2145361.
2145361
List the prime factors of 4054343.
241, 16823
List the prime factors of 1639497.
3, 17, 31, 61
What are the prime factors of 11010142?
2, 11, 13, 137, 281
List the prime factors of 296037.
3, 7, 37, 127
List the prime factors of 7302197.
7, 17, 61363
What are the prime factors of 2921402?
2, 11, 19, 29, 241
What are the prime factors of 16292308?
2, 4073077
What are the prime factors of 1373002?
2, 193, 3557
What are the prime factors of 148180?
2, 5, 31, 239
What are the prime factors of 24019120?
2, 5, 300239
What are the prime factors of 2458971?
3, 61, 1493
List the prime factors of 6919499.
6919499
What are the prime factors of 111273?
3, 29, 1279
What are the prime factors of 5401006?
2, 13, 31, 6701
What are the prime factors of 37710660?
2, 3, 5, 13, 3719
List the prime factors of 18438429.
3, 47, 130769
What are the prime factors of 341333?
341333
What are the prime factors of 2558141?
19, 134639
List the prime factors of 665925.
3, 5, 13, 683
List the prime factors of 5105115.
3, 5, 41, 2767
What are the prime factors of 50718?
2, 3, 79, 107
List the prime factors of 13721539.
13, 1055503
What are the prime factors of 7221242?
2, 7, 515803
What are the prime factors of 2273?
2273
What are the prime factors of 297786?
2, 3, 31, 1601
List the prime factors of 5664867.
3, 13, 145253
List the prime factors of 834777.
3, 92753
What are the prime factors of 8285477?
17, 487381
List the prime factors of 153135.
3, 5, 41, 83
List the prime factors of 6132314.
2, 3066157
List the prime factors of 1782460.
2, 5, 89123
List the prime factors of 209914.
2, 103, 1019
List the prime factors of 2053229.
29, 101, 701
List the prime factors of 2431029.
3, 810343
List the prime factors of 6851325.
3, 5, 13, 7027
List the prime factors of 6564798.
2, 3, 23, 101, 157
What are the prime factors of 4556405?
5, 7, 130183
List the prime factors of 4079029.
4079029
What are the prime factors of 25522301?
7, 19, 127, 1511
List the prime factors of 2636127.
3, 13, 22531
List the prime factors of 4617089.
23, 197, 1019
List the prime factors of 334898.
2, 167449
What are the prime factors of 167062?
2, 7, 11933
List the prime factors of 18390718.
2, 9195359
List the prime factors of 84068.
2, 21017
What are the prime factors of 946566?
2, 3, 5843
List the prime factors of 958349.
7, 79, 1733
List the prime factors of 1371888.
2, 3, 7, 1361
List the prime factors of 340092.
2, 3, 47, 67
What are the prime factors of 17279?
37, 467
What are the prime factors of 1230202?
2, 615101
List the prime factors of 98941.
163, 607
List the prime factors of 1024236.
2, 3, 23, 1237
What are the prime factors of 1648246?
2, 824123
List the prime factors of 6615078.
2, 3, 19, 58027
List the prime factors of 10377433.
11, 943403
List the prime factors of 146456.
2, 18307
What are the prime factors of 7541396?
2, 1885349
List the prime factors of 182305.
5, 19, 101
What are the prime factors of 55538?
2, 7, 3967
List the prime factors of 220024.
2, 7, 3929
List the prime factors of 470190.
2, 3, 5, 7, 2239
List the prime factors of 697815.
3, 5, 1723
What are the prime factors of 29842306?
2, 13, 223, 5147
List the prime factors of 39678.
2, 3, 17, 389
List the prime factors of 681277.
113, 6029
List the prime factors of 2284276.
2, 571069
What are the prime factors of 181421?
181421
What are the prime factors of 29529?
3, 17, 193
What are the prime factors of 114315?
3, 5, 7621
List the prime factors of 231295.
5, 167, 277
List the prime factors of 120861.
3, 13, 1033
List the prime factors of 78971.
157, 503
List the prime factors of 4033264.
2, 252079
List the prime factors of 1323535.
5, 17, 23, 677
What are the prime factors of 274190?
2, 5, 7, 3917
What are the prime factors of 2735013?
3, 911671
List the prime factors of 3133266.
2, 3, 522211
List the prime factors of 705897.
3, 41, 1913
What are the prime factors of 127548?
2, 3, 1181
What are the prime factors of 3055900?
2, 5, 30559
List the prime factors of 5523516.
2, 3, 71, 2161
List the prime factors of 173747.
7, 24821
List the prime factors of 229231.
41, 5591
List the prime factors of 2627314.
2, 1313657
What are the prime factors of 2873?
13, 17
List the prime factors of 10006840.
2, 5, 23, 73, 149
What are the prime factors of 19893308?
2, 4973327
List the prime factors of 141652.
2, 7, 5059
List the prime factors of 6359423.
7, 908489
What are the prime factors of 2084200?
2, 5, 17, 613
List the prime factors of 925759.
47, 19697
What are the prime factors of 118636?
2, 7, 19, 223
List the prime fac